number?
False
Let b be (-2 + 2)/(2 - 0). Suppose b*j + 210 = 3*j. Suppose 0 = 7*y - 2*y - j. Is y composite?
True
Let n(r) be the first derivative of -r**6/120 - 7*r**5/30 - 5*r**4/8 + 2*r**3 - 3*r**2 - 5. Let d(j) be the second derivative of n(j). Is d(-13) composite?
True
Let g(d) = 9*d**2 - 34*d - 3. Is g(10) a prime number?
True
Suppose 652 = 7*k - 6*k. Suppose 12*f - k = 5336. Is f composite?
False
Let b(u) = -5261*u + 2. Let a be b(-2). Suppose -11*i = -14*i + a. Suppose 2*l - i = -2*l. Is l composite?
False
Let p(m) = 941*m**2 + 2*m - 4. Let x be p(-2). Suppose x = 5*l - 3899. Is l composite?
False
Let q(y) = -y**3 - 7*y**2 - 7*y - 2. Let n be q(-6). Let x(g) = 25*g**2 - 4*g - 3. Is x(n) prime?
False
Suppose 0 = 4*y - 2*f + 42, -2*y + 5*f = -5*y + 1. Let n = y - -14. Suppose -3*h - 279 = -n*h. Is h composite?
True
Let a(j) = -j**3 + 3*j**2 - 3*j + 7. Let b be a(3). Let i(u) = -56*u**3 - u**2 + 1. Is i(b) prime?
False
Suppose 3*a = -15 + 15. Suppose a = 3*u + 12, 5*h - 4*u - 1747 = -u. Is h prime?
True
Let h(c) = 5*c - 30. Let r be h(7). Suppose 3*a - 585 = r*b - 146, -2*a + 292 = -3*b. Is a a prime number?
False
Let t = 24 + -23. Is 2 - t - (-209 + 11) a prime number?
True
Suppose -2*q + 3*i + 210 = 0, q + 3*i = -q + 198. Suppose 0 = -a + q + 367. Is a a composite number?
True
Let t = -17471 - -37278. Is t composite?
True
Is ((-155498)/(-28))/(2/4) - -6 a prime number?
True
Let t(b) = 36*b**2 - 25*b + 114. Is t(-23) prime?
False
Suppose -4*p - 7*k + 52142 = -2*k, 2*k = 4*p - 52128. Is p a prime number?
True
Let v(a) = 332*a - 1. Let o(q) = -997*q + 3. Let b(t) = -6*o(t) - 17*v(t). Is b(1) a prime number?
True
Let v be 8/((16/28)/2). Suppose g - 4 = h + 5, -v = 3*h - 2*g. Is ((-4)/h)/(13/4745) prime?
False
Let b(o) = 1 + 11*o**2 - o + 230*o**2 + 51*o**2 - 41*o**2. Is b(1) a composite number?
False
Suppose -2*q - 2*r + 320 = -3*r, -5*q + 794 = -r. Suppose 0 = -2*w + 16 + 32. Suppose 0 = -2*v + q - w. Is v prime?
True
Is 2450 + ((-13)/(-52))/(1/12) a composite number?
True
Suppose 15*c - 412183 = -132928. Is c a prime number?
True
Suppose -w = -6*w + 25. Suppose -4*q = -4*j - 3360, 2*q - w*j = -0*j + 1677. Let o = q - 578. Is o a prime number?
True
Is ((-1)/5)/((-14)/5461190) prime?
True
Let m(a) = 215*a - 4. Let r be 144/27 - (-2)/3. Suppose 6*t = -0*t + r. Is m(t) composite?
False
Is (153102/1 - 1)*(46 - 45) a composite number?
True
Suppose 6*q - 1656 = 2*q - 4*c, -4*q = -2*c - 1626. Is q a composite number?
False
Suppose 2*b = 2*p, -4*p + 5 - 1 = -2*b. Suppose 2*u - 2*f - 92 = 0, -p*u + 41 + 42 = f. Is u a prime number?
True
Let x be (40/(-3))/(-4) - (-8)/(-6). Suppose 1365 = -5*c + x*g + 3766, -9 = 3*g. Is c composite?
False
Suppose 10*a = 22*a - 13812. Is a a prime number?
True
Suppose -3*r + 9*r - 10938 = 0. Is r composite?
False
Suppose 4*x + x - 20 = 0. Is (2 + 7572/16)*x a prime number?
True
Suppose 9*g - 19*g + 3070 = 0. Is g prime?
True
Let w be ((-2)/(-2) - 3) + 4. Suppose -3*l + w*i + 99 = 0, -2*l + 5*i = -68 - 9. Is l a prime number?
True
Suppose -4*d + 8*v + 28134 = 6*v, d + 3*v - 7016 = 0. Is d a composite number?
True
Let n(u) = -u**3 + 10*u**2 + u. Let p be n(10). Let m be (474/4)/(5/p). Suppose 4*j - j - m = 0. Is j a prime number?
True
Let s be (15852/(-18))/((-2)/9*3). Suppose 3*y - 5518 = -s. Is y a composite number?
False
Suppose 49395 = 2*p + 5*j + 15329, -85099 = -5*p + 4*j. Is p a composite number?
True
Let p = 8794 - 5111. Is p composite?
True
Let z = 20407 - 11016. Is z a prime number?
True
Let r(i) = -56*i**3 + 9*i**2 + 14*i + 2. Is r(-7) a prime number?
True
Let q = -38 + 38. Let n be (-8)/3*(-6)/4. Suppose n*w + 0*w - 2956 = q. Is w a composite number?
False
Suppose -2*s + 4162 = -32632. Is s a prime number?
True
Suppose -8*t = -t - 847. Suppose -3*p + 5 = -2*j, -4*p = j - 10 - 4. Suppose 2*g = -g, -c = -j*g - t. Is c composite?
True
Let j = -12 + 25. Let h = j - 9. Suppose -h*a + 6*a = 118. Is a composite?
False
Suppose g - 2239 - 2742 = 0. Is g a composite number?
True
Let v be (5 + -8)*9/3. Let r(y) = 5*y**2 + 7*y - 5. Is r(v) a prime number?
True
Let z(v) be the third derivative of -19*v**4/8 - v**3/2 + 9*v**2. Is z(-2) a prime number?
False
Let y = 24 + -20. Suppose 0 = y*g - 4, -4*w + w + 2*g + 667 = 0. Is w a prime number?
True
Let i(a) = a**2 + 15*a - 3. Let p be i(13). Let b = p + 53. Suppose -3*o = -5*n - 314, -3*o + 2*n + b = o. Is o prime?
True
Let c(m) = 9961*m + 13. Is c(4) a prime number?
True
Suppose -54 = 50*c - 56*c. Suppose 6714 + 621 = c*u. Is u a prime number?
False
Suppose 0 = -3*t + 777 - 144. Is t composite?
False
Suppose x - 10501 = 22*a - 18*a, -2*x = a - 21038. Is x a prime number?
False
Let f(j) = -2*j. Let u be f(0). Suppose u = 5*s + 4*h - 17, 3*s = 6*h - 2*h + 23. Let p(w) = 25*w + 2. Is p(s) composite?
False
Let x(u) = -u**2 + 4*u + 4. Let y be x(4). Suppose b = -y*b + 14695. Is b a composite number?
False
Let u = 47 + -45. Let b(t) = 314*t**3 - 4*t**2 + 3*t - 1. Is b(u) a prime number?
False
Let l be (-50)/(-20) + 2/4. Suppose -l*z + 132 = b, -123 = -2*b - z + 141. Suppose 3*u - 69 = b. Is u composite?
False
Is ((6*-1114)/(-4))/3 prime?
True
Let h(y) = 2*y + 1. Let p be h(1). Let v be ((-8)/2)/(7/((-42)/6)). Suppose -p*w = -v*w + 13. Is w a prime number?
True
Let v(d) = d**2 - 9*d + 8. Let f be v(8). Suppose k + g + 1267 = -k, f = -2*k + 3*g - 1263. Let j = -422 - k. Is j a composite number?
False
Let z = -46 - -28. Let t be 12/z + (-526)/(-6). Suppose -4 = i - t. Is i composite?
False
Suppose 4*k - 5*h = k + 72931, 4*k - 97252 = 4*h. Is k composite?
False
Suppose 4*f = -f. Suppose 0*q - 7*q + 1043 = f. Is q a composite number?
False
Let y = 17 + -8. Let a = 28 - y. Let q = 204 - a. Is q composite?
True
Let x(l) = -l**3 + 6*l**2 - 6*l + 5. Let g be x(5). Suppose g = -f + 2*f - 17. Let w = f - -36. Is w prime?
True
Is (-9)/15 + 838214/65 a prime number?
False
Suppose 25 = 5*g, 3*g - 9 = -2*b + 4*b. Suppose 0 = -m + u + 28, b*u - 88 = -4*m + u. Let w = 14 + m. Is w prime?
False
Suppose -v = 19*v - 79340. Is v a composite number?
False
Suppose 0 = z - 1 - 1, 2*z + 15129 = a. Is a prime?
False
Let o = -279 - -879. Let n be -2 - 7/((-14)/o). Suppose 63 = -w + n. Is w composite?
True
Let k = 33 - 33. Suppose t - 5 = k, i + 4*i = -4*t + 19695. Is i composite?
True
Suppose -a + i - 6 = 3, 4*a + 54 = -5*i. Let p(g) = 5*g**2 + 18 + 13*g - 42 - 2 - 2*g**2. Is p(a) prime?
False
Suppose 0 = -3*w - 2*u + 8533, -2*u = -5*w - 5*u + 14221. Is w a prime number?
True
Let z be 2 - 3 - (-4 + 1). Suppose 2*s - m + 0*m - 1620 = 0, 2*s + z*m = 1614. Is s prime?
True
Let b(u) = u**3 - 27*u**2 + 2*u - 41. Is b(27) a prime number?
True
Let f(j) be the second derivative of -j**5/20 + 2*j**4/3 - j**3 - 3*j**2/2 - j. Let b be f(7). Suppose 60 = -0*x + b*x. Is x prime?
False
Let a be 2/(5/(-28 + 3)). Is 2/a + (-3772)/(-10) composite?
True
Let t be (0 + -1)*(-12)/3. Suppose 44*m + 2 = 43*m. Is 77 - 1/m*t a prime number?
True
Let s(o) = 18*o**3 - 7*o**2 - 4. Let n(v) = -12*v**3 + 5*v**2 + 3. Let c(l) = 7*n(l) + 5*s(l). Let y be c(-1). Let w(h) = -18*h - 1. Is w(y) a composite number?
False
Let q = -11 - -13. Let t be (-3)/q*(-4)/(-6). Let d = 116 + t. Is d prime?
False
Suppose 3*x - 4*y + 31 = 0, -26 = 5*x + 5*y + 14. Let c be 6 + 5/(15/x). Suppose -2*a = -c*a + 83. Is a a prime number?
True
Suppose 5059 = -5*h - 5*z + 48864, -4*z = -5*h + 43787. Is h a composite number?
True
Let l = -1535 - -3186. Is l a composite number?
True
Suppose 161 - 59 = 3*o. Suppose 5*w - 494 = -o. Is (-6)/(-18) - w/(-3) prime?
True
Let u(t) = 516*t**2 - t - 1. Let f be u(-1). Suppose -5*o - 2370 = -5*q, -3*o + f = 3*q - 936. Is q a prime number?
True
Let k(l) = -l**2 + l + 15. Let b be k(0). Suppose 3*t - f = -t + 20, f - b = -3*t. Suppose 4*v + 1065 = t*n + 6*v, 0 = 3*n - v - 628. Is n a composite number?
False
Let r(o) = 35*o + 395. Is r(36) a composite number?
True
Is (-10768)/(-8)*-3*4/(-24) a prime number?
True
Let r = -29579 + 51970. Is r a prime number?
True
Suppose -7*w = -3*w + 4*r - 2224, -2*w + 4*r + 1100 = 0. Is w a composite number?
True
Suppose 2*g - 3*g - 5 = -3*x, -6 = -2*x - 2*g. Is (65196/48)/(x/8) a composite number?
True
Suppose 2*g - 15 = -21. Is (g/(-9))/(1/3831) a prime number?
True
Let s(j) = 2*j**3 - 1